1 and g?
11
Let b(v) = -17*v - 33. Let f(l) = -48*l - 99. Let c(i) = 17*b(i) - 6*f(i). Let j be c(9). Calculate the highest common divisor of j and 372.
12
Let w(d) = -2*d**2 + 90*d - 391. Let j be w(5). What is the highest common factor of 1467 and j?
9
Let j = 81 + 259. Suppose 2*c + c - 6 = 0, -3*z = 5*c - j. What is the highest common factor of z and 55?
55
Let b(y) = 8*y + 140 - 9*y - y + 4*y - y**2. Let l be b(12). What is the highest common divisor of l and 1340?
20
Let d = -3070 + 4990. What is the greatest common divisor of 660 and d?
60
Let z = -4293 - -4349. Suppose -q + 96 = 26. What is the greatest common factor of z and q?
14
Let o = 14 + -1. Let z(f) = 2*f**2 + 25*f - 12. Let g be (585/(-10))/(-9)*-2. Let x be z(g). What is the highest common factor of o and x?
1
Suppose -2*b - 3*n = -3237, -27*b + n = -24*b - 4861. What is the highest common divisor of 20 and b?
20
Let b = 228 - 144. Suppose 63*c - 15*c = -26*c + 1776. What is the highest common divisor of b and c?
12
Let y(h) = -10*h - 9. Let n be y(-2). Suppose -c + 42 = 5*b, n*b - 7*b - 48 = 4*c. Let w be 0 + -1 + 2*23. What is the greatest common factor of b and w?
9
Let k(h) = h**2 + 7*h + 25. Let x be k(-4). Suppose 8*r - x = 7*r. Suppose -5*v + 87 = -r. Calculate the highest common factor of v and 8.
4
Suppose 4*y = -46 + 70. Let j(v) = -9*v + 9. Let k be j(5). Let r be (k/90)/(2/20) + 43. What is the highest common divisor of y and r?
3
Suppose 885 = -90*g - 388 - 257. Let k(w) = 23*w - 3. Let h be k(3). Let l = h + g. What is the highest common factor of 7 and l?
7
Suppose 7*g + 379 = 92. Let o = -49 - g. Let u(k) = -k**2 - 7*k + 32. Let c be u(o). Calculate the highest common factor of 6 and c.
6
Suppose 26*l - 53 - 233 = 0. Let b be 82/6*(l - -10). Calculate the greatest common divisor of b and 41.
41
Suppose -58*i - 102*i + 2560 = 0. Let a = 430 - 134. Calculate the highest common divisor of a and i.
8
Suppose 7*j - 10*j = t - 18, 0 = -2*t - 6. Suppose 9*h = j*h + 1666. What is the highest common divisor of 49 and h?
49
Let t be (-26 - -12)*(-39)/(-2). Let y be ((-10)/2)/(39/t). Calculate the greatest common factor of y and 245.
35
Let y be 2 + (-33)/17 + (-7620)/(-510). Let z be (84/(-35))/(1/(-5)). Calculate the greatest common divisor of y and z.
3
Suppose 4*i = 9*y - 3634, -62*i + 832 = 2*y - 58*i. Calculate the highest common divisor of 2 and y.
2
Let v be 2/(-2) + -1 + 86. Suppose -36*f - 4*a - 48 = -41*f, -2*f - 2*a = -30. What is the greatest common factor of v and f?
12
Let y(q) be the second derivative of -q**4/12 + 5*q**3/3 - 21*q**2/2 - 77*q. Let k be y(5). Let i = -42 - -74. Calculate the highest common divisor of i and k.
4
Let s(v) = 4*v**2 + 10. Let g be (0*(4/12 + 0))/(-2). Suppose 5*u + 1 + 24 = g. Let x be s(u). Calculate the greatest common divisor of 10 and x.
10
Let x = 7606 + -7390. Calculate the highest common divisor of 152 and x.
8
Suppose 54*d + 207 = 63*d. Let s be (-2)/(-8) + 206/8. Suppose -s = j - 95. What is the greatest common divisor of j and d?
23
Suppose 0*f = 2*f - 4. Let d be (4 + -5)/(3/(-240)). Suppose -4*x + 6*i = f*i - d, -5*x + 109 = 4*i. What is the highest common factor of x and 147?
21
Suppose 2*m + 3*m - 213 = -4*o, 3*m - 5*o = 150. What is the greatest common divisor of m and 2505?
15
Let r(d) = d**3 - 7*d**2 - d + 44. Let q be r(6). Suppose q*s - k = 810, -7*s + 2*s = 3*k - 2003. What is the greatest common divisor of s and 26?
13
Let d be (-9)/(-2)*-1*(905/(-15) + -1). Calculate the greatest common factor of d and 27876.
276
Let k = -22123 - -22181. What is the highest common divisor of k and 182?
2
Suppose -6*u + 152 = -172. Suppose 4*f - u = -k + f, f = k - 46. Suppose 84 = 5*d - 0*d + 2*o, 2*d = 4*o + k. What is the greatest common factor of d and 18?
18
Suppose 98*o = 226*o - 1822336. Calculate the greatest common factor of o and 23.
23
Let w = -3851 + 7049. Let z be w/14 - 21/49. Let s = -1714 + 1752. What is the highest common divisor of z and s?
38
Suppose 0*t = 2*t + 4. Let n = 19 - t. Let f(j) = j**3 - 3*j**2 + 7*j. Let o be f(3). Calculate the greatest common divisor of n and o.
21
Suppose 3*u = 2*i + 1548, 1625 = -4*i - 5*u - 1493. Let f = i + 1583. What is the highest common factor of 26 and f?
26
Suppose 25 = 8*v - 111. Suppose -28 = 5*z - 3, -3*z = -g + 66. What is the greatest common divisor of v and g?
17
Let y be (2 + 1 - -2) + 2/1. Let z be 2 + (y - 9) - -33*1. Suppose j - 81 + z = 0. Calculate the greatest common divisor of j and 120.
24
Let f = 427 + -299. Suppose 4*j + k = 172, -87 = -5*j - 5*k + f. What is the greatest common factor of j and 645?
43
Let u = 405 + -284. Suppose -4*g = -u + 5. Let k(p) = 4*p**2 + 8*p - 31. Let d be k(3). Calculate the greatest common factor of d and g.
29
Suppose 2*o + 3*c - 34 = 0, -2*o + 9 = -5*c - 9. Let p be (-24)/9*(-1020)/40. Suppose 0 = -79*g + p*g + 1232. What is the highest common factor of g and o?
14
Let y = 1350 - 1098. What is the greatest common divisor of 666 and y?
18
Let g(q) = 325*q - 1419. Let b be g(5). Calculate the greatest common factor of 3193 and b.
103
Let a = -16616 - -18425. What is the highest common divisor of a and 402?
201
Let a be (152/(-32) + 5)*-4*(-367 + 3). What is the greatest common factor of 39 and a?
13
Let c(i) = -4426 + 4456 + 4*i + 13*i + i**2. Let l be c(-17). Suppose 5*o = -3*q + 35, -4*o = 2*q - 6 - 18. What is the greatest common divisor of l and q?
10
Let o = 141 + -37. Suppose 19*q - 167 = 581 + 981. Calculate the greatest common factor of o and q.
13
Let v(w) = w**3 + 3*w**2 + 18*w + 94. Let q be v(-4). What is the greatest common factor of 202 and q?
2
Let h be 6 + -16 + (15 - -157). What is the greatest common factor of 5913 and h?
81
Let n = -352 + 89. Let y = n + 130. Let d = y + 189. What is the greatest common divisor of d and 84?
28
Let u(x) = -x**3 - 6*x**2 + x + 32. Let q be u(-5). What is the highest common divisor of q and 58?
2
Let h be 0 + -1 + 1*(3 - 7). Let d be (-5 - 2796/20)*h. Suppose 100 = -8*z + d. Calculate the highest common divisor of z and 6.
6
Let s = 5650 + -5602. Calculate the highest common divisor of 648 and s.
24
Let f = -832 + 278. Let s = f - -587. What is the greatest common divisor of 3 and s?
3
Suppose -7*l + 720 = -5*l. Let j = -974 - -1054. Calculate the greatest common divisor of l and j.
40
Let x(l) = l**3 + 33*l**2 - 39*l - 26. Let y be x(-31). Calculate the greatest common factor of 54 and y.
27
Let w be (108/(-192))/((-6)/(-8))*-148. What is the highest common divisor of 23754 and w?
111
Let u be (-157 - (2 + -29))*345/(-2). Calculate the highest common factor of 23 and u.
23
Suppose -2286 = -9*t + 5553. What is the greatest common divisor of 268 and t?
67
Let v be (1 + -2)/((-52)/6344). Suppose v = -3*i + 4*x + 155, 4*i + x - 44 = 0. What is the highest common factor of i and 9?
1
Suppose w + 963 = 5*s - 7097, -2*w - 6448 = -4*s. Calculate the highest common divisor of s and 39.
13
Let n = -5556 - -12050. What is the greatest common divisor of n and 68?
34
Let z = -1574 - -1577. Let i = 24 + -17. Calculate the greatest common factor of z and i.
1
Suppose -8*h = -9*h - 4*t + 20, -3*h = 5*t - 88. What is the highest common divisor of h and 9684?
36
Let d be 57/(((-15)/35)/(-1)). Suppose -143*n + d*n = -1870. What is the highest common factor of 17 and n?
17
Suppose -3*h + 5 - 53 = -5*m, -3*h = -4*m + 36. Let t(j) = 180*j - 75*j - 87*j. Let v be t(2). Calculate the highest common factor of m and v.
12
Suppose 58*s + 1446 = 61*s. Let z = s + -405. What is the greatest common factor of 28 and z?
7
Let s = -30 - -36. Let u = 1046 + -1041. Calculate the highest common factor of s and u.
1
Let f be 5745 - (-1 + (-6 - -1) + 1). What is the highest common factor of 46 and f?
46
Let u(j) = -1692*j + 24. Let z be u(-2). Suppose -14*v + z = 2*v. What is the highest common factor of 142 and v?
71
Suppose -35 = 5*h, 47*z - 5*h - 700 = 42*z. Calculate the highest common factor of 24073 and z.
133
Let u(d) = 2*d**2 + 19*d - 5. Let a be u(-10). Suppose 47*s - a = 46*s. What is the greatest common divisor of 25 and s?
5
Suppose -45*i + 7*i + 17792 = 5290. What is the greatest common factor of 611 and i?
47
Let t be 107/(-7) - 1/21*-6. Let c be (1 - (-21)/t) + (-32)/(-5). Suppose -c*u +